{"id":431,"date":"2023-02-07T06:50:33","date_gmt":"2023-02-07T00:50:33","guid":{"rendered":"https:\/\/www.ngbv.mx\/?page_id=431"},"modified":"2025-11-09T00:54:46","modified_gmt":"2025-11-08T18:54:46","slug":"canea-strategy","status":"publish","type":"page","link":"https:\/\/www.ngbv.mx\/index.php\/canea-strategy\/","title":{"rendered":"CANEA Strategy"},"content":{"rendered":"<p>[et_pb_section fb_built=\u00bb1&#8243; admin_label=\u00bbHeader\u00bb module_id=\u00bbqpr_software\u00bb _builder_version=\u00bb4.27.4&#8243; _module_preset=\u00bbdefault\u00bb background_color=\u00bb#FFFFFF\u00bb background_enable_image=\u00bboff\u00bb background_size=\u00bbinitial\u00bb background_blend=\u00bboverlay\u00bb width=\u00bb100%\u00bb module_alignment=\u00bbcenter\u00bb min_height=\u00bb240px\u00bb height=\u00bb240px\u00bb max_height=\u00bb240px\u00bb custom_padding=\u00bb15px||15px||false|false\u00bb animation_direction=\u00bbtop\u00bb global_colors_info=\u00bb{}\u00bb][et_pb_row column_structure=\u00bb1_5,1_5,3_5&#8243; _builder_version=\u00bb4.25.1&#8243; _module_preset=\u00bbdefault\u00bb background_enable_color=\u00bboff\u00bb width=\u00bb100%\u00bb max_width=\u00bb100%\u00bb module_alignment=\u00bbcenter\u00bb custom_margin=\u00bb||||false|false\u00bb custom_padding=\u00bb||||false|false\u00bb global_colors_info=\u00bb{}\u00bb][et_pb_column type=\u00bb1_5&#8243; _builder_version=\u00bb4.19.5&#8243; _module_preset=\u00bbdefault\u00bb global_colors_info=\u00bb{}\u00bb][\/et_pb_column][et_pb_column type=\u00bb1_5&#8243; _builder_version=\u00bb4.19.5&#8243; _module_preset=\u00bbdefault\u00bb global_colors_info=\u00bb{}\u00bb][et_pb_image src=\u00bbhttps:\/\/www.ngbv.mx\/wp-content\/uploads\/2025\/01\/CANEA20Logo20202120RGB.png\u00bb align=\u00bbcenter\u00bb _builder_version=\u00bb4.27.4&#8243; _module_preset=\u00bbdefault\u00bb custom_margin=\u00bb30px||||false|false\u00bb global_colors_info=\u00bb{}\u00bb][\/et_pb_image][\/et_pb_column][et_pb_column type=\u00bb3_5&#8243; _builder_version=\u00bb4.19.5&#8243; _module_preset=\u00bbdefault\u00bb global_colors_info=\u00bb{}\u00bb][et_pb_image src=\u00bbhttps:\/\/www.ngbv.mx\/wp-content\/uploads\/2025\/11\/CANEA-Strategyheader-e1762230461843.jpg\u00bb show_bottom_space=\u00bboff\u00bb align=\u00bbcenter\u00bb _builder_version=\u00bb4.27.4&#8243; _module_preset=\u00bbdefault\u00bb background_enable_color=\u00bboff\u00bb module_alignment=\u00bbleft\u00bb custom_margin=\u00bb||||false|false\u00bb locked=\u00bboff\u00bb global_colors_info=\u00bb{}\u00bb][\/et_pb_image][\/et_pb_column][\/et_pb_row][\/et_pb_section][et_pb_section fb_built=\u00bb1&#8243; admin_label=\u00bbSubheader\u00bb _builder_version=\u00bb4.27.4&#8243; _module_preset=\u00bbdefault\u00bb background_color=\u00bb#011d59&#8243; animation_direction=\u00bbtop\u00bb global_colors_info=\u00bb{}\u00bb][et_pb_row _builder_version=\u00bb4.19.5&#8243; _module_preset=\u00bbdefault\u00bb background_enable_color=\u00bboff\u00bb width=\u00bb100%\u00bb max_width=\u00bbnone\u00bb module_alignment=\u00bbcenter\u00bb custom_margin=\u00bb15px||15px||false|false\u00bb custom_padding=\u00bb15px||15px||false|false\u00bb global_colors_info=\u00bb{}\u00bb][et_pb_column type=\u00bb4_4&#8243; _builder_version=\u00bb4.19.5&#8243; _module_preset=\u00bbdefault\u00bb global_colors_info=\u00bb{}\u00bb][et_pb_text _builder_version=\u00bb4.20.0&#8243; _module_preset=\u00bbdefault\u00bb text_font=\u00bbPoppins|600|||||||\u00bb text_text_color=\u00bb#FFFFFF\u00bb text_font_size=\u00bb36px\u00bb text_orientation=\u00bbcenter\u00bb global_colors_info=\u00bb{}\u00bb]Hacer realidad la estrategia<br \/>\n[\/et_pb_text][et_pb_text _builder_version=\u00bb4.20.0&#8243; _module_preset=\u00bbdefault\u00bb text_font=\u00bbPoppins|600|||||||\u00bb text_text_color=\u00bb#FFFFFF\u00bb text_font_size=\u00bb16px\u00bb text_orientation=\u00bbjustified\u00bb custom_margin=\u00bb|25px||25px|false|true\u00bb custom_padding=\u00bb|25px||25px|false|true\u00bb global_colors_info=\u00bb{}\u00bb]CANEA Strategy asegura y brinda soporte durante todo el recorrido desde la estrategia hasta la ejecuci\u00f3n.<\/p>\n<p>Con CANEA Strategy, puede definir y comunicar r\u00e1pidamente las estrategias, los objetivos y las iniciativas corporativas con facilidad. El beneficio es que todos entienden y pueden participar en la ejecuci\u00f3n de la estrategia de la empresa.<\/p>\n<p>Nuestras herramientas hacen posible que organizaciones de todos los tama\u00f1os creen un hilo com\u00fan \u00fanico desde el trabajo estrat\u00e9gico hasta las operaciones diarias.<br \/>\n[\/et_pb_text][\/et_pb_column][\/et_pb_row][\/et_pb_section][et_pb_section fb_built=\u00bb1&#8243; admin_label=\u00bbPuntosclave\u00bb _builder_version=\u00bb4.27.4&#8243; _module_preset=\u00bbdefault\u00bb top_divider_style=\u00bbarrow2&#8243; top_divider_color=\u00bb#011d59&#8243; top_divider_height=\u00bb70px\u00bb top_divider_flip=\u00bbhorizontal|vertical\u00bb top_divider_arrangement=\u00bbabove_content\u00bb bottom_divider_color=\u00bb#011d59&#8243; bottom_divider_height=\u00bb80px\u00bb animation_direction=\u00bbtop\u00bb global_colors_info=\u00bb{}\u00bb][et_pb_row _builder_version=\u00bb4.20.0&#8243; _module_preset=\u00bbdefault\u00bb global_colors_info=\u00bb{}\u00bb][et_pb_column type=\u00bb4_4&#8243; _builder_version=\u00bb4.20.0&#8243; _module_preset=\u00bbdefault\u00bb global_colors_info=\u00bb{}\u00bb][et_pb_text _builder_version=\u00bb4.20.0&#8243; _module_preset=\u00bbdefault\u00bb text_font=\u00bbPoppins|700|||||||\u00bb text_text_color=\u00bb#474747&#8243; text_font_size=\u00bb30px\u00bb text_orientation=\u00bbcenter\u00bb custom_margin=\u00bb||||false|false\u00bb custom_padding=\u00bb||||false|false\u00bb global_colors_info=\u00bb{}\u00bb]Caracter\u00edsticas<br \/>\n[\/et_pb_text][et_pb_text _builder_version=\u00bb4.20.0&#8243; _module_preset=\u00bbdefault\u00bb text_font=\u00bbPoppins||||||||\u00bb text_text_color=\u00bb#474747&#8243; text_font_size=\u00bb20px\u00bb text_orientation=\u00bbjustified\u00bb custom_margin=\u00bb|||10px|false|false\u00bb custom_padding=\u00bb|||10px|false|false\u00bb global_colors_info=\u00bb{}\u00bb]CANEA Strategy le permite activar su estrategia a trav\u00e9s de funciones inteligentes como el desglose de objetivos, la comunicaci\u00f3n y la visualizaci\u00f3n.<br \/>\n[\/et_pb_text][\/et_pb_column][\/et_pb_row][et_pb_row column_structure=\u00bb1_3,2_3&#8243; make_equal=\u00bbon\u00bb _builder_version=\u00bb4.20.0&#8243; _module_preset=\u00bbdefault\u00bb width=\u00bb100%\u00bb module_alignment=\u00bbcenter\u00bb global_colors_info=\u00bb{}\u00bb][et_pb_column type=\u00bb1_3&#8243; _builder_version=\u00bb4.20.0&#8243; _module_preset=\u00bbdefault\u00bb global_colors_info=\u00bb{}\u00bb][et_pb_accordion open_toggle_text_color=\u00bb#000000&#8243; open_toggle_background_color=\u00bb#FFFFFF\u00bb closed_toggle_text_color=\u00bb#000000&#8243; closed_toggle_background_color=\u00bb#FFFFFF\u00bb icon_color=\u00bb#072c7c\u00bb use_icon_font_size=\u00bbon\u00bb icon_font_size=\u00bb30px\u00bb module_class=\u00bbxpp-acordeon\u00bb _builder_version=\u00bb4.20.0&#8243; _module_preset=\u00bbdefault\u00bb toggle_text_color=\u00bb#000000&#8243; toggle_font=\u00bbPoppins|700|||||||\u00bb toggle_text_align=\u00bbleft\u00bb closed_toggle_font=\u00bbPoppins|700|||||||\u00bb closed_toggle_text_align=\u00bbleft\u00bb body_font=\u00bbPoppins|600|||||||\u00bb body_text_align=\u00bbjustify\u00bb body_text_color=\u00bb#000000&#8243; border_width_all=\u00bb0px\u00bb global_colors_info=\u00bb{}\u00bb][et_pb_accordion_item title=\u00bbComunicaci\u00f3n y Cooperaci\u00f3n\u00bb open=\u00bbon\u00bb _builder_version=\u00bb4.20.0&#8243; _module_preset=\u00bbdefault\u00bb global_colors_info=\u00bb{}\u00bb]Un requisito previo para el \u00e9xito de una estrategia es que todos los empleados la entiendan y participen en ella. Los indicadores clave de rendimiento (KPI) y los objetivos se comunican de forma visual y clara en la p\u00e1gina de inicio del sistema, de modo que el trabajo estrat\u00e9gico se convierte en una parte natural de la vida cotidiana. Con la ayuda de las funciones sociales, tambi\u00e9n es f\u00e1cil para todos los empleados contribuir, comentar y debatir.<br \/>\n[\/et_pb_accordion_item][et_pb_accordion_item title=\u00bbSeguimiento y reporte\u00bb _builder_version=\u00bb4.20.0&#8243; _module_preset=\u00bbdefault\u00bb global_colors_info=\u00bb{}\u00bb open=\u00bboff\u00bb]<\/p>\n<div class=\"aa-inner \">\n<div class=\" aa-columns__body aa-content-vertical-align--top \">\n<div class=\"aa-column aa-column--text aa-module-spacing-top--medium aa-module-spacing-bottom--medium\">\n<div class=\"aa-column__accordion\">\n<div class=\"aa-column__accordion__item aa-accordion-item \">\n<div class=\"aa-accordion-item__body ul--icons \">\n<div class=\"aa-accordion-item__text\">\n<div class=\"aa-inner \">\n<div class=\" aa-columns__body aa-content-vertical-align--top \">\n<div class=\"aa-column aa-column--text aa-module-spacing-top--medium aa-module-spacing-bottom--medium\">\n<div class=\"aa-column__accordion\">\n<div class=\"aa-column__accordion__item aa-accordion-item \">\n<div class=\"aa-accordion-item__body ul--icons \">\n<div class=\"aa-accordion-item__text\">\n<p>Es f\u00e1cil dar seguimiento a estrategias y metas con CANEA Strategy.\u00a0Los KPI se muestran como cuadros gr\u00e1ficos claros u objetos visuales, como un sem\u00e1foro.\u00a0Los indicadores clave de rendimiento se pueden definir de acuerdo con sus necesidades espec\u00edficas y agregarse a los objetivos generales.\u00a0Puede realizar un seguimiento de las operaciones a nivel general, lo que otorga a la administraci\u00f3n un control total.<\/p>\n<\/div>\n<\/div>\n<\/div>\n<\/div>\n<\/div>\n<\/div>\n<\/div>\n<div id=\"widget_1643718076347-2-bg\" class=\"aa-column__backgrounds aa-column aa-column--image aa-bg-image aa-bg-image--outer is-active\">\n<div class=\"aa-column__inner\"><\/div>\n<\/div>\n<\/div>\n<\/div>\n<\/div>\n<div class=\"aa-column__accordion__item aa-accordion-item \">\n<div class=\"border\"><\/div>\n<\/div>\n<\/div>\n<\/div>\n<\/div>\n<\/div>\n<div id=\"widget_1643718076347-2-bg\" class=\"aa-column__backgrounds aa-column aa-column--image aa-bg-image aa-bg-image--outer is-active\">\n<div class=\"aa-column__inner\"><\/div>\n<\/div>\n<p>[\/et_pb_accordion_item][et_pb_accordion_item title=\u00bbDespliegue de la estrategia\u00bb _builder_version=\u00bb4.20.0&#8243; _module_preset=\u00bbdefault\u00bb global_colors_info=\u00bb{}\u00bb open=\u00bboff\u00bb]Con CANEA Strategy, usted define la estrategia de la organizaci\u00f3n al describir su visi\u00f3n, que luego se detalla en perspectiva, metas e indicadores clave de desempe\u00f1o. En la funci\u00f3n de desglose de la estrategia del sistema, trabaja con su estructura de objetivos y crea una imagen clara de c\u00f3mo lograr\u00e1 la visi\u00f3n. Es posible crear desgloses de estrategia en varios niveles, por ejemplo, por unidad organizativa.<\/p>\n<p>&nbsp;<br \/>\n[\/et_pb_accordion_item][et_pb_accordion_item title=\u00bbEnlace en las operaciones\u00bb _builder_version=\u00bb4.20.0&#8243; _module_preset=\u00bbdefault\u00bb global_colors_info=\u00bb{}\u00bb open=\u00bboff\u00bb]CANEA Strategy est\u00e1 bien integrado con otros m\u00f3dulos en CANEA ONE, lo que brinda la m\u00e1xima capacidad de acci\u00f3n. Por ejemplo, para lograr un objetivo, la gerencia puede lanzar una iniciativa estrat\u00e9gica, teniendo control total sobre c\u00f3mo se ejecuta, al mismo tiempo que informa al equipo del proyecto c\u00f3mo est\u00e1 contribuyendo a que la organizaci\u00f3n logre sus objetivos. Tambi\u00e9n obtiene una visi\u00f3n general inigualable de todas las iniciativas estrat\u00e9gicas y su estado.<br \/>\n[\/et_pb_accordion_item][et_pb_accordion_item title=\u00bbPanel\u00bb _builder_version=\u00bb4.20.0&#8243; _module_preset=\u00bbdefault\u00bb global_colors_info=\u00bb{}\u00bb open=\u00bboff\u00bb]En la p\u00e1gina de inicio del sistema, puede seguir r\u00e1pida y f\u00e1cilmente sus indicadores clave de rendimiento, iniciativas y acciones. La p\u00e1gina de inicio se basa en roles y muestra principalmente informaci\u00f3n relevante para los usuarios autenticados, seg\u00fan el rol y los requisitos. Su dise\u00f1o y contenido es adaptable tanto a nivel central como individual.<br \/>\n[\/et_pb_accordion_item][et_pb_accordion_item title=\u00bbCorregir y ajustar\u00bb _builder_version=\u00bb4.20.0&#8243; _module_preset=\u00bbdefault\u00bb global_colors_info=\u00bb{}\u00bb open=\u00bboff\u00bb]<\/p>\n<div class=\"aa-inner \">\n<div class=\" aa-columns__body aa-content-vertical-align--top \">\n<div class=\"aa-column aa-column--text aa-module-spacing-top--medium aa-module-spacing-bottom--medium\">\n<div class=\"aa-column__accordion\">\n<div class=\"aa-column__accordion__item aa-accordion-item \">\n<div class=\"aa-accordion-item__body ul--icons \">\n<div class=\"aa-accordion-item__text\">\n<p>Si cambia su estrategia o no logra alcanzar un indicador clave de rendimiento, debe tomar medidas y crear mejores condiciones para el \u00e9xito. A continuaci\u00f3n, puede iniciar las medidas en CANEA ONE, que proporciona un soporte completo del proceso, control, trazabilidad y seguimiento de la obra. Los empleados involucrados pueden ver c\u00f3mo influyen y mejoran el logro de los objetivos. Es f\u00e1cil ver las medidas y seguir el progreso.<\/p>\n<\/div>\n<\/div>\n<\/div>\n<\/div>\n<\/div>\n<\/div>\n<\/div>\n<p>[\/et_pb_accordion_item][et_pb_accordion_item title=\u00bbIntegrar otros sistemas\u00bb _builder_version=\u00bb4.20.0&#8243; _module_preset=\u00bbdefault\u00bb global_colors_info=\u00bb{}\u00bb open=\u00bboff\u00bb]<\/p>\n<div class=\"aa-inner \">\n<div class=\" aa-columns__body aa-content-vertical-align--top \">\n<div class=\"aa-column aa-column--text aa-module-spacing-top--medium aa-module-spacing-bottom--medium\">\n<div class=\"aa-column__accordion\">\n<div class=\"aa-column__accordion__item aa-accordion-item \">\n<div class=\"aa-accordion-item__body ul--icons \">\n<div class=\"aa-accordion-item__text\">\n<p>La informaci\u00f3n b\u00e1sica para muchos indicadores clave de desempe\u00f1o a menudo se almacena en otros sistemas, por ejemplo, sistemas financieros o de producci\u00f3n.\u00a0Por supuesto, los resultados de los indicadores clave de rendimiento se pueden ingresar manualmente, pero los sistemas tambi\u00e9n se pueden integrar para que la informaci\u00f3n se recopile autom\u00e1ticamente a intervalos determinados.<\/p>\n<\/div>\n<\/div>\n<\/div>\n<\/div>\n<\/div>\n<\/div>\n<\/div>\n<p>[\/et_pb_accordion_item][\/et_pb_accordion][et_pb_code _builder_version=\u00bb4.20.0&#8243; _module_preset=\u00bbdefault\u00bb global_colors_info=\u00bb{}\u00bb]<script><!-- [et_pb_line_break_holder] -->jQuery(document).ready(function($){<!-- [et_pb_line_break_holder] -->\t$('.xpp-acordeon .et_pb_accordion_item_0 .et_pb_toggle_title').on({<!-- [et_pb_line_break_holder] -->     'click': function(){<!-- [et_pb_line_break_holder] -->         $('#cambiarIMG img').attr('src','https:\/\/www.ngbv.mx\/wp-content\/uploads\/2023\/02\/strategy1.png');<!-- [et_pb_line_break_holder] -->       \t $('#cambiarIMG img').attr('srcset','https:\/\/www.ngbv.mx\/wp-content\/uploads\/2023\/02\/strategy1.png');<!-- [et_pb_line_break_holder] -->     }<!-- [et_pb_line_break_holder] --> \t});<!-- [et_pb_line_break_holder] -->  <!-- [et_pb_line_break_holder] -->  $('.xpp-acordeon .et_pb_accordion_item_1 .et_pb_toggle_title').on({<!-- [et_pb_line_break_holder] -->     'click': function(){<!-- [et_pb_line_break_holder] -->         $('#cambiarIMG img').attr('src','https:\/\/www.ngbv.mx\/wp-content\/uploads\/2023\/02\/strategy2.png');<!-- [et_pb_line_break_holder] -->       \t $('#cambiarIMG img').attr('srcset','https:\/\/www.ngbv.mx\/wp-content\/uploads\/2023\/02\/strategy2.png');<!-- [et_pb_line_break_holder] -->     }<!-- [et_pb_line_break_holder] --> \t});<!-- [et_pb_line_break_holder] -->  <!-- [et_pb_line_break_holder] -->  $('.xpp-acordeon .et_pb_accordion_item_2 .et_pb_toggle_title').on({<!-- [et_pb_line_break_holder] -->     'click': function(){<!-- [et_pb_line_break_holder] -->         $('#cambiarIMG img').attr('src','https:\/\/www.ngbv.mx\/wp-content\/uploads\/2023\/02\/strategy3.png');<!-- [et_pb_line_break_holder] -->       \t $('#cambiarIMG img').attr('srcset','https:\/\/www.ngbv.mx\/wp-content\/uploads\/2023\/02\/strategy3.png');<!-- [et_pb_line_break_holder] -->     }<!-- [et_pb_line_break_holder] --> \t});<!-- [et_pb_line_break_holder] -->  <!-- [et_pb_line_break_holder] -->  $('.xpp-acordeon .et_pb_accordion_item_3 .et_pb_toggle_title').on({<!-- [et_pb_line_break_holder] -->     'click': function(){<!-- [et_pb_line_break_holder] -->         $('#cambiarIMG img').attr('src','https:\/\/www.ngbv.mx\/wp-content\/uploads\/2023\/02\/strategy4.png');<!-- [et_pb_line_break_holder] -->       \t $('#cambiarIMG img').attr('srcset','https:\/\/www.ngbv.mx\/wp-content\/uploads\/2023\/02\/strategy4.png');<!-- [et_pb_line_break_holder] -->     }<!-- [et_pb_line_break_holder] --> \t});<!-- [et_pb_line_break_holder] -->  <!-- [et_pb_line_break_holder] --> <!-- [et_pb_line_break_holder] -->  $('.xpp-acordeon .et_pb_accordion_item_4 .et_pb_toggle_title').on({<!-- [et_pb_line_break_holder] -->     'click': function(){<!-- [et_pb_line_break_holder] -->         $('#cambiarIMG img').attr('src','https:\/\/www.ngbv.mx\/wp-content\/uploads\/2023\/02\/strategy5.png');<!-- [et_pb_line_break_holder] -->       \t $('#cambiarIMG img').attr('srcset','https:\/\/www.ngbv.mx\/wp-content\/uploads\/2023\/02\/strategy5.png');<!-- [et_pb_line_break_holder] -->     }<!-- [et_pb_line_break_holder] --> \t});<!-- [et_pb_line_break_holder] -->  <!-- [et_pb_line_break_holder] -->  $('.xpp-acordeon .et_pb_accordion_item_5 .et_pb_toggle_title').on({<!-- [et_pb_line_break_holder] -->     'click': function(){<!-- [et_pb_line_break_holder] -->         $('#cambiarIMG img').attr('src','https:\/\/www.ngbv.mx\/wp-content\/uploads\/2023\/02\/strategy6.png');<!-- [et_pb_line_break_holder] -->       \t $('#cambiarIMG img').attr('srcset','https:\/\/www.ngbv.mx\/wp-content\/uploads\/2023\/02\/strategy6.png');<!-- [et_pb_line_break_holder] -->     }<!-- [et_pb_line_break_holder] --> \t});<!-- [et_pb_line_break_holder] -->  <!-- [et_pb_line_break_holder] -->  $('.xpp-acordeon .et_pb_accordion_item_6 .et_pb_toggle_title').on({<!-- [et_pb_line_break_holder] -->     'click': function(){<!-- [et_pb_line_break_holder] -->         $('#cambiarIMG img').attr('src','https:\/\/www.ngbv.mx\/wp-content\/uploads\/2023\/02\/strategy7.png');<!-- [et_pb_line_break_holder] -->       \t $('#cambiarIMG img').attr('srcset','https:\/\/www.ngbv.mx\/wp-content\/uploads\/2023\/02\/strategy7.png');<!-- [et_pb_line_break_holder] -->     }<!-- [et_pb_line_break_holder] --> \t});<!-- [et_pb_line_break_holder] -->  <!-- [et_pb_line_break_holder] -->  <!-- [et_pb_line_break_holder] -->});<!-- [et_pb_line_break_holder] --><\/script>[\/et_pb_code][\/et_pb_column][et_pb_column type=\u00bb2_3&#8243; _builder_version=\u00bb4.20.0&#8243; _module_preset=\u00bbdefault\u00bb background_color=\u00bbrgba(1,29,89,0.48)\u00bb background_image=\u00bbhttps:\/\/www.ngbv.mx\/wp-content\/uploads\/2023\/02\/it-losningar-dokumenthantering-pattern.jpeg\u00bb background_blend=\u00bboverlay\u00bb transform_scale_linked=\u00bboff\u00bb custom_padding=\u00bb||||false|false\u00bb global_colors_info=\u00bb{}\u00bb][et_pb_image src=\u00bbhttps:\/\/www.ngbv.mx\/wp-content\/uploads\/2023\/02\/strategy1.png\u00bb align=\u00bbcenter\u00bb module_id=\u00bbcambiarIMG\u00bb _builder_version=\u00bb4.20.4&#8243; _module_preset=\u00bbdefault\u00bb background_enable_image=\u00bboff\u00bb width=\u00bb100%\u00bb module_alignment=\u00bbcenter\u00bb min_height=\u00bb400px\u00bb height=\u00bb400px\u00bb max_height=\u00bb400px\u00bb custom_margin=\u00bb20px|||-80px|false|false\u00bb custom_padding=\u00bb|||0px|false|false\u00bb border_radii=\u00bbon|25px|25px|25px|25px\u00bb border_color_all=\u00bbRGBA(255,255,255,0)\u00bb global_colors_info=\u00bb{}\u00bb][\/et_pb_image][\/et_pb_column][\/et_pb_row][\/et_pb_section][et_pb_section fb_built=\u00bb1&#8243; admin_label=\u00bbAgenda\u00bb _builder_version=\u00bb4.27.4&#8243; _module_preset=\u00bbdefault\u00bb global_colors_info=\u00bb{}\u00bb][et_pb_row _builder_version=\u00bb4.19.5&#8243; _module_preset=\u00bbdefault\u00bb global_colors_info=\u00bb{}\u00bb][et_pb_column type=\u00bb4_4&#8243; _builder_version=\u00bb4.19.5&#8243; _module_preset=\u00bbdefault\u00bb global_colors_info=\u00bb{}\u00bb][et_pb_button button_url=\u00bb@ET-DC@eyJkeW5hbWljIjp0cnVlLCJjb250ZW50IjoicG9zdF9saW5rX3VybF9wYWdlIiwic2V0dGluZ3MiOnsicG9zdF9pZCI6IjEyMjA4In19@\u00bb button_text=\u00bbAgendar una demostraci\u00f3n\u00bb button_alignment=\u00bbleft\u00bb _builder_version=\u00bb4.27.4&#8243; _dynamic_attributes=\u00bbbutton_url\u00bb _module_preset=\u00bbdefault\u00bb custom_button=\u00bbon\u00bb button_text_color=\u00bb#FFFFFF\u00bb button_bg_color=\u00bb#0C71C3&#8243; button_border_color=\u00bbRGBA(255,255,255,0)\u00bb button_border_radius=\u00bb25px\u00bb button_font=\u00bbMontserrat|||on|||||\u00bb button_icon=\u00bb&#xf073;||fa||400&#8243; button_icon_color=\u00bb#FFFFFF\u00bb button_icon_placement=\u00bbleft\u00bb button_on_hover=\u00bboff\u00bb background_layout=\u00bbdark\u00bb locked=\u00bboff\u00bb global_colors_info=\u00bb{}\u00bb][\/et_pb_button][\/et_pb_column][\/et_pb_row][\/et_pb_section]<\/p>\n","protected":false},"excerpt":{"rendered":"<p>Hacer realidad la estrategia CANEA Strategy asegura y brinda soporte durante todo el recorrido desde la estrategia hasta la ejecuci\u00f3n. Con CANEA Strategy, puede definir y comunicar r\u00e1pidamente las estrategias, los objetivos y las iniciativas corporativas con facilidad. El beneficio es que todos entienden y pueden participar en la ejecuci\u00f3n de la estrategia de la [&hellip;]<\/p>\n","protected":false},"author":1,"featured_media":0,"parent":0,"menu_order":0,"comment_status":"closed","ping_status":"closed","template":"","meta":{"_et_pb_use_builder":"on","_et_pb_old_content":"","_et_gb_content_width":"","footnotes":""},"class_list":["post-431","page","type-page","status-publish","hentry"],"jetpack_sharing_enabled":true,"_links":{"self":[{"href":"https:\/\/www.ngbv.mx\/index.php\/wp-json\/wp\/v2\/pages\/431","targetHints":{"allow":["GET"]}}],"collection":[{"href":"https:\/\/www.ngbv.mx\/index.php\/wp-json\/wp\/v2\/pages"}],"about":[{"href":"https:\/\/www.ngbv.mx\/index.php\/wp-json\/wp\/v2\/types\/page"}],"author":[{"embeddable":true,"href":"https:\/\/www.ngbv.mx\/index.php\/wp-json\/wp\/v2\/users\/1"}],"replies":[{"embeddable":true,"href":"https:\/\/www.ngbv.mx\/index.php\/wp-json\/wp\/v2\/comments?post=431"}],"version-history":[{"count":49,"href":"https:\/\/www.ngbv.mx\/index.php\/wp-json\/wp\/v2\/pages\/431\/revisions"}],"predecessor-version":[{"id":13713,"href":"https:\/\/www.ngbv.mx\/index.php\/wp-json\/wp\/v2\/pages\/431\/revisions\/13713"}],"wp:attachment":[{"href":"https:\/\/www.ngbv.mx\/index.php\/wp-json\/wp\/v2\/media?parent=431"}],"curies":[{"name":"wp","href":"https:\/\/api.w.org\/{rel}","templated":true}]}}